nder when 25 is divided by k(-5)?
4
Let h(q) = -5*q + 0 + 2*q + 5 + 3*q**2. Calculate the remainder when h(4) is divided by 11.
8
Let q be (-21)/((-1)/(1 - 2)). Suppose -6*r + 7*r - x - 14 = 0, -r = -4*x - 17. What is the remainder when 6/q - (-163)/7 is divided by r?
10
Suppose -4*u + 4*a = -312, -5*a + 8*a - 204 = -3*u. What is the remainder when u is divided by 25?
23
Suppose 0 = 3*g - 4*i - 311, -5*i = -8*i + 3. Let b = 112 - 85. Calculate the remainder when g is divided by b.
24
Suppose 3*g + 1 = -8*w + 9*w, 0 = -5*w - 4*g + 81. What is the remainder when 60 is divided by w?
8
What is the remainder when 47 is divided by 14 - 1/((-1)/3)?
13
Let u = 9 - 9. Suppose u*b - 65 = -5*b. Calculate the remainder when 38 is divided by b.
12
Suppose 172 = 5*k + b - 441, -609 = -5*k - 3*b. Calculate the remainder when k is divided by -3*5/((-105)/217).
30
Let b = 45 - 17. What is the remainder when 138 is divided by b?
26
Suppose 5*o - 7 - 3 = 0. Suppose -5*m - o*h = -195, 0 = 5*m - 0*m + 5*h - 195. Calculate the remainder when m is divided by 21.
18
Let y(f) = 4*f**2 - 2*f + 1. Let x be (-2)/(0 - 2/(-8)). Calculate the remainder when y(-2) is divided by (-97)/(-9) - x/36.
10
Suppose 5*t - 529 = -2*o, -t + 97 = -4*o - 0*o. Suppose -5*q + 2*q + 45 = s, q = 3*s - t. Let v = s + -25. Calculate the remainder when 31 is divided by v.
9
Let j(l) = -2 + 0*l**2 + l + 3 + l**2. Let s = 1 - -2. What is the remainder when j(s) is divided by 7?
6
Let w = 5 + -9. Let i(k) = -k - 4. Let g be i(w). Suppose 5*j = -g*j + 50. What is the remainder when 29 is divided by j?
9
Suppose 10*o - 12*o + 10 = 0. What is the remainder when 22 is divided by o?
2
Calculate the remainder when 67 is divided by ((-25)/(-10))/(1/4).
7
Suppose 1 = r - 46. Suppose 3*c + 5*j + 10 = r, 2*j = 5*c - 10. Suppose -k = -c - 2. What is the remainder when k is divided by 4?
2
Suppose 5*o + d + 3*d - 133 = 0, -o - 3*d = -31. Let n = o - 18. Calculate the remainder when 13 is divided by n.
6
Let k(f) = 4*f**2 - 9*f - 5. Calculate the remainder when k(-4) is divided by 32.
31
Let v be (8/(-10))/(4/70). Let z = v - -21. What is the remainder when 12 is divided by z?
5
Let q(d) = -d + 8. Let f(x) = -3*x + 16. Let u(w) = -4*f(w) + 9*q(w). What is the remainder when u(8) is divided by 17?
15
Let w = 39 + -20. Let b = -10 + w. What is the remainder when 15 is divided by b?
6
Let t be (-3 + 0)*-1 + 0. Let i(y) = -7*y + 5. Let l(g) = -15*g + 11. Let f(z) = -9*i(z) + 4*l(z). What is the remainder when f(t) is divided by 3?
2
Let u(i) = -1. Let b(l) = 2*l + 3. Let f(t) = b(t) + 2*u(t). Let d be f(2). Let h = d - 2. Calculate the remainder when 5 is divided by h.
2
Let m(u) = -u**3 + 0 - 2 + 2*u**2 - 4*u**2 + u. Let a = -9 - -18. Calculate the remainder when m(-4) is divided by a.
8
Let w(z) = z**2 - 6*z + 6. Calculate the remainder when w(7) is divided by 38/8 - (-3)/12.
3
Suppose -4*h = j - 84, -2*h - 2*h + 84 = -j. What is the remainder when 102 is divided by h?
18
Let n(x) = 34*x**2. Let y = 50 - 7. Let m = y + -25. What is the remainder when n(-1) is divided by m?
16
Let x(l) = -l**3 + 3*l**2 - 2*l + 5. Let c(s) = -4*s**3 + 13*s**2 - 9*s + 19. Let o(b) = -2*c(b) + 9*x(b). What is the remainder when o(0) is divided by 3?
1
Let j(f) = f + 5. Let z be j(-5). Suppose 103 = 3*v - 4*d + 3*d, z = -5*v + d + 169. What is the remainder when 21 is divided by 3*1*v/9?
10
Let x = 1 + 2. Calculate the remainder when ((-6)/x + 10)*2 is divided by 6.
4
Let s = -8 + 23. What is the remainder when 54 is divided by s?
9
Suppose 0 = 2*f + 4*i - 14, 3*f = 3*i - 0*i + 3. Suppose 0 = v - f. Calculate the remainder when v is divided by (-4 + 0)*(-2)/4.
1
Let t = 21 + -5. What is the remainder when 61 is divided by t?
13
Suppose -j + 3*j - 32 = 0. Suppose 5*s + j = -0*d + 3*d, 3*d - 2*s - 10 = 0. Suppose 3 = -d*t + 41. What is the remainder when t is divided by 7?
5
Let j(r) = -r + 5. Let a be j(0). Suppose -a = -2*k + 3*m - 6*m, 0 = -k - m + 2. What is the remainder when 31 is divided by k - 2 - (-51)/3?
15
Suppose -4*q - c - 100 = q, 0 = -q + c - 14. Let x = q - -46. Let l = 6 + 8. Calculate the remainder when x is divided by l.
13
Let o(a) = -a**2 + 3*a + 1. Let g be o(2). Let d = 67 + g. Suppose -2 = -2*n, 5*n + d = 5*m - 0*m. What is the remainder when 42 is divided by m?
12
Let b be (-1)/(1/(-33)) + -1. Suppose 2*j + 8*n - 3*n + 4 = 0, -2*j + 4*n = -b. Calculate the remainder when (1 + 0)/(1/13) is divided by j.
5
Let y = -21 + 7. Calculate the remainder when 53 is divided by (-930)/(-35) - 6/y.
26
Suppose 2*y = -2*n + 78, -2*n - 4*y = -19 - 69. Calculate the remainder when n is divided by 13.
8
Suppose -m = -3, 0 = 5*i - 2*m + 6*m - 67. Calculate the remainder when 17 is divided by i.
6
Suppose -57 = -13*s + 10*s. Calculate the remainder when 52 is divided by s.
14
Suppose -3*y + 0*y + 30 = 0. Calculate the remainder when 92/5*25/y is divided by 16.
14
Let f = 18 - 11. Calculate the remainder when f is divided by 3.
1
Calculate the remainder when 0 + 1*94/2 is divided by 12.
11
Let x = -11 + 14. Let q = x + 16. What is the remainder when 56 is divided by q?
18
Suppose 9 = 2*w - k - 19, 0 = -3*w - k + 52. Suppose 7*m + 3*g - 36 = 4*m, -3*g + w = m. Let o = -5 + 9. Calculate the remainder when m is divided by o.
2
Let l = 32 + -27. Calculate the remainder when 19 is divided by l.
4
Let r = -21 - -38. Let z(d) = -d**3 + 11*d**2 + 5*d - 6. What is the remainder when z(11) is divided by r?
15
Let k(s) = -1. Let q(n) = 3*n**3 - 2*n**2 + n - 5. Let t(g) = -5*k(g) + q(g). Calculate the remainder when 52 is divided by t(2).
16
Suppose 5*m + 4*k = 55, -3*k = 3*m - 4 - 32. Calculate the remainder when m is divided by 4.
3
Suppose 3*l = -m + 1, -2*m - 1 + 14 = -5*l. Calculate the remainder when 39 is divided by (-1)/m + 205/20.
9
Suppose -2*r - 5*p = -139, -2*r + r = -4*p - 76. Let u = -40 + r. Let s = 73 - u. What is the remainder when s is divided by 14?
13
Let k = -48 - -60. What is the remainder when 23 is divided by k?
11
Suppose 5 = l + 1. Suppose -g - 3*g = -28. Calculate the remainder when g is divided by l.
3
Let i = 130 + -115. Calculate the remainder when 40 is divided by i.
10
Let z(p) = -18*p + 1. Suppose -17*r + 15*r = -112. What is the remainder when r is divided by z(-1)?
18
Let x(c) = 2*c - 3. Let i be x(3). Let z = i + -4. Let r(y) = 23*y**2 + y. Calculate the remainder when r(z) is divided by 12.
10
Let q(u) = -1 - u + 5 - 12*u. Let h be q(-7). Suppose -6*t = -4*w - t + h, 2*t - 52 = -2*w. What is the remainder when w is divided by 13?
12
Let t(r) = 2*r**2 - 3*r. Let d be t(2). Let m(a) = 10*a**2 - 2*a - 2. Calculate the remainder when m(d) is divided by 11 + 0 + 2/2.
10
Let h(i) = 10*i. Let y be h(3). Suppose 0 = 3*f - 8*f + y. Let a = f + -1. What is the remainder when 9 is divided by a?
4
Suppose -36 = -b - 3*j - 9, 2*b - 2*j = 46. What is the remainder when b is divided by 13?
11
Let f(o) = -2*o**2 + 10*o + 5. Let r be f(5). Suppose 5*j = -0*w - w + 54, 4*j - 165 = -r*w. What is the remainder when w is divided by 10?
9
What is the remainder when 81 is divided by (-3)/(-18)*93 - 6/4?
11
Suppose 13 = 2*i + 1. Suppose 84 = -2*w + i*w. What is the remainder when w is divided by 6?
3
Let v = 0 - -18. Suppose 3*r = 3 + v. Calculate the remainder when r is divided by 2.
1
Let n be 2*(-1)/6*-3. Calculate the remainder when (6 - -14) + 0/n is divided by 7.
6
Suppose s = 4*x + 49, 25 = -2*x - 3*x. What is the remainder when 86 is divided by s?
28
Suppose -4*u - 24 = -7*u. Suppose -u = -r + 2. What is the remainder when (-76)/(-3)*3/2 is divided by r?
8
Let j(g) = g**3 - 7*g**2 + 6*g + 8. Let l = -8 - -14. Let s = 21 - 7. Calculate the remainder when s is divided by j(l).
6
Suppose -9 = -3*h - 0*h. Let l = -8 - -12. Suppose o - 3*d - 49 = -4*o, l*d = 2*o - 28. Calculate the remainder when o is divided by h.
2
Let v(n) = 2*n**2 - 5*n - 5. Suppose -3*g + 10 = -4*q, -3*g - 2*q = -11 - 11. Calculate the remainder when v(g) is divided by 19.
18
Suppose 329 = 15*w - 856. What is the remainder when w is divided by 40?
39
Let i be (1 + -44)*(-8)/8. Suppose 5*o + 2*t = 81, 2*o + o - i = -4*t. What is the remainder when o is divided by 6?
5
Suppose 0 = -2*w - 3*g + 2*g + 225, 0 = 3*w + g - 340. What is the remainder when w i